is -37 - -2c2?
288
In base 15, what is -753a6 + -5?
-753ab
In base 15, what is -3 - 3780e?
-37812
In base 3, what is -11121002100 + -12?
-11121002112
In base 12, what is 20 - 33389?
-33369
In base 14, what is 2 + 2a12?
2a14
In base 12, what is 3 + 140b18?
140b1b
In base 6, what is 5 + -1004343?
-1004334
In base 4, what is 1 - -101231211?
101231212
In base 12, what is -147 - -969?
822
In base 11, what is -218a - -19?
-2171
In base 12, what is -285 + 50?
-235
In base 13, what is 23c93 + -1c?
23c74
In base 10, what is -3031 + -106?
-3137
In base 6, what is -4 + 14205?
14201
In base 3, what is -11 + 1220222?
1220211
In base 10, what is -28155 - -4?
-28151
In base 15, what is 1 + 41dd?
41de
In base 14, what is 200980 + -1?
20097d
In base 9, what is 33 - -3463?
3506
In base 10, what is 19620 + -2?
19618
In base 10, what is -161 + 63?
-98
In base 13, what is -862 - -b?
-854
In base 6, what is 10142 + -10?
10132
In base 12, what is -2115b8 + -5?
-211601
In base 7, what is 21464 + -240?
21224
In base 10, what is 6 + 102862?
102868
In base 12, what is -11587 - 5?
-11590
In base 3, what is -21 - -20112010000?
20112002202
In base 13, what is -5 + -14368?
-14370
In base 7, what is 103 - -20046?
20152
In base 3, what is -2121011 + 1110?
-2112201
In base 11, what is 9949 + -6?
9943
In base 2, what is -110100101 + 10001001010?
1010100101
In base 5, what is -121321 - -3?
-121313
In base 15, what is -1c26a + -2?
-1c26c
In base 10, what is -1971 - 7?
-1978
In base 10, what is 6772 - 11?
6761
In base 2, what is -110010 + -11110111100000?
-11111000010010
In base 5, what is 4 - -2244330?
2244334
In base 4, what is -1312 - -2222220?
2220302
In base 16, what is 40d8 - 2?
40d6
In base 10, what is 297017 - 1?
297016
In base 3, what is 20022201 - 11100?
20011101
In base 15, what is -2 - 17bd6?
-17bd8
In base 8, what is -232 - -123452?
123220
In base 7, what is -3 - -42624?
42621
In base 2, what is -1110011010100 + -10010?
-1110011100110
In base 12, what is -3a78 + -5?
-3a81
In base 10, what is 388743 + 2?
388745
In base 15, what is -bec4 + -11?
-bed5
In base 2, what is 11110 - -11110100?
100010010
In base 13, what is -9 - 51a?
-526
In base 9, what is -7 + -6278?
-6286
In base 9, what is -6 - 3415?
-3422
In base 7, what is -120 + -3352?
-3502
In base 5, what is -140114231 + -10?
-140114241
In base 7, what is -53 - 20223?
-20306
In base 12, what is 1558 - 152?
1406
In base 7, what is 3065 - 3122?
-24
In base 5, what is -140 - -1424?
1234
In base 16, what is 3 + 2166a?
2166d
In base 10, what is -37529 + 1?
-37528
In base 2, what is 101 + 100011010110101011?
100011010110110000
In base 2, what is -1011001000101 - 100101101?
-1011101110010
In base 8, what is -15647 - 45?
-15714
In base 12, what is -37963 - -3?
-37960
In base 15, what is -1 - -5b11?
5b10
In base 15, what is 4dd9 - -41?
4e2a
In base 15, what is 5 - -14085?
1408a
In base 9, what is -3403 - -17?
-3375
In base 16, what is 10 - 24766?
-24756
In base 7, what is 3502 + 6430?
13232
In base 3, what is 22120112202 + -11?
22120112121
In base 13, what is -cbc99 - 2?
-cbc9b
In base 16, what is -1 - -1714d?
1714c
In base 5, what is -1 + 4421001?
4421000
In base 14, what is 262679 - -2?
26267b
In base 6, what is -3303 - -14543?
11240
In base 6, what is -11 + 52312?
52301
In base 14, what is 2b5 + 20?
2d5
In base 14, what is 2c82 - 0?
2c82
In base 11, what is -23664a1 + -4?
-23664a5
In base 9, what is 30 + -1258?
-1228
In base 15, what is 51a8b - -2?
51a8d
In base 6, what is 1313003 + -5?
1312554
In base 13, what is -149 + 194?
48
In base 12, what is -8 - 35a29?
-35a35
In base 9, what is 3 + 746614?
746617
In base 12, what is -20 - 5476?
-5496
In base 5, what is -21404 + 24123?
2214
In base 3, what is -10001220200 + 2?
-10001220121
In base 3, what is 112 + 122010011?
122010200
In base 9, what is 100 + -31020?
-30820
In base 5, what is 10240 + 44223?
110013
In base 2, what is -1101011011101001001 - 11?
-1101011011101001100
In base 10, what is 3993 + 10?
4003
In base 3, what is -2102220 + 2?
-2102211
In base 6, what is 21 + 14340?
14401
In base 7, what is -24 + 1562516?
1562462
In base 6, what is 11120 - 2030?
5050
In base 15, what is 5 + -2a171?
-2a16b
In base 16, what is -8 - 201bc?
-201c4
In base 11, what is -1800986 + 3?
-1800983
In base 13, what is -3 - 33a02?
-33a05
In base 8, what is 123 + -406?
-263
In base 13, what is -299 + -100?
-399
In base 9, what is 0 + 2062733?
2062733
In base 3, what is -10010201 + 1121002?
-1112122
In base 4, what is 1010021122 + -21?
1010021101
In base 7, what is 2012546 + -4?
2012542
In base 3, what is -1011122 - 21122002?
-22210201
In base 8, what is -7626 - 600?
-10426
In base 13, what is 2 + -21704?
-21702
In base 14, what is 25ab - -6?
25b3
In base 15, what is -23e02 + 4?
-23ded
In base 15, what is 3250 - -1c?
326c
In base 7, what is -505 + -323?
-1131
In base 7, what is -266434 - -30?
-266404
In base 15, what is 0 - 1b6e?
-1b6e
In base 15, what is -5 + 23047?
23042
In base 9, what is -6 + -87433?
-87440
In base 15, what is -3026 - 8?
-302e
In base 6, what is 1524 + 51?
2015
In base 14, what is -12685 - 0?
-12685
In base 15, what is -1 + 770?
76e
In base 12, what is 487 - 6b?
418
In base 5, what is 3 - -2040341?
2040344
In base 2, what is -100 + 100101010100?
100101010000
In base 14, what is b5 - -110?
1c5
In base 13, what is -181 - 60?
-211
In base 3, what is -10 - 212211002?
-212211012
In base 10, what is -26894 + 3?
-26891
In base 6, what is 0 - -454010?
454010
In base 16, what is -406a + -6?
-4070
In base 14, what is -2a4 - -239?
-69
In base 7, what is 53326 + -3?
53323
In base 16, what is -5 + -fed?
-ff2
In base 11, what is 916 + 75?
990
In base 15, what is 3 - 1a05b?
-1a058
In base 3, what is -1022012 + -1012?
-1100101
In base 8, what is -220360 - -4?
-220354
In base 2, what is 11000010000110 + 100100?
11000010101010
In base 12, what is -309877 - -5?
-309872
In base 16, what is -22c2 + -4?
-22c6
In base 7, what is 64 - 53622?
-53525
In base 5, what is -131431 + 2322?
-124104
In base 4, what is -2 - 211011?
-211013
In base 4, what is -20230 - 123?
-21013
In base 5, what is -2 + 122423?
122421
In base 8, what is -10 + 311624?
311614
In base 12, what is 2 + -6514?
-6512
In base 9, what is -33234 + -30?
-33264
In base 3, what is -22 + -100010100?
-100010122
In base 10, what is -105 - 7699?
-7804
In base 12, what is 154183 + -5?
15417a
In base 4, what is 20331 - 211030?
-130033
In base 8, what is 2 - -17434?
17436
In base 8, what is 110207 + -5?
110202
In base 15, what is 4ed8 - 8c?
4e4b
In base 11, what is -70913 + 1?
-70912
In base 9, what is 8 - 27545?
-27536
In base 8, what is 37475 - 3?
37472
In base 15, what is -6cc8 - -1?
-6cc7
In base 3, what is 110020110021 + -11?
110020110010
In base 8, what is -37 + -53513?
-53552
In base 4, what is -2023100033 + 10?
-2023100023
In base 8, what is 70473 - 4?
70467
In base 11, what is -451 + -38?
-489
In base 10, what is 86197 + 7?
86204
In base 2, what is 10110110 + 11100101000100?
11100111111010
In base 11, what is -a - 44973?
-44982
In base 13, what is 1b9 + 375?
561
In base 8, what is -423 + -105?
-530
In base 2, what is 100 + 10101111100100110101?
10101111100100111001
In base 9, what is 3312 - -57?
3370
In base 14, what is -11 - -bcc0?
bcad
In base 2, what is -110111101010 - -10101?
-110111010101
In base 11, what is 14a82a - 0?
14a82a
In base 10, what is 1209 + -207?
1002
In base 16, what is 6 - -71b?
721
In base 6, what is -1512425 - -3?
-1512422
In base 16, what is 5eed - -21?
5f0e
In base 8, what is 40 + 1711?
1751
In base 15, what is 8137c + 10?
8138c
In base 2, what is 10 - -1101010110010?
1101010110100
In base 15, what is -14a340 - 4?
-14a344
In base 15, what is d - -8ce?
8dc
In base 11, what is -33 - -14305?
14282
In base 6, what is -3 + -1512032?
-1512035
In base 15, what is 85d6 - -4d?
8634
In base 6, what is -25 - 444001?
-444030
In base 16, what is -da84a - -3?
-da847
In base 13, what is 30 - -40c?
43c
In base 9, what is 678 + 38?
727
In base 8, what is 62 + -1042?
-760
In base 13, what is 4 + -45a2?
-459b
In base 16, what is a8fc - -2?
a8fe
In base 5, what is -121034420 - -10?
-121034410
In base 11, what is -167 + -54?
-210
In base 16, what is 32 - -bb1?
be3
In base 4, what is -3 - 2213303?
-2213312
In base 15, what is 93 